7
Let w(b) = -b + 3. Let d be w(10). Let m(z) = z**3 + 7*z**2 - 5*z + 7. List the prime factors of m(d).
2, 3, 7
Suppose -2*j - 35 = 3*j. Let m(t) be the second derivative of -t**3/3 - 9*t**2/2 - 6*t. What are the prime factors of m(j)?
5
Suppose -2*y + 0*y = -6. Suppose 5 + 1 = y*q. Suppose t = -q*t + 42. List the prime factors of t.
2, 7
Suppose 2*g = 3*o - 174 - 125, -2*o = -5*g - 181. What are the prime factors of o?
103
Suppose 7 = 2*i + 1. Suppose -i*q = -4*q - 12. What are the prime factors of 1/(-3) - 76/q?
2, 3
Let k(z) = 5*z**2 + 2*z - 17. List the prime factors of k(-8).
7, 41
Let h be 4/26 - (-852)/39. Let w = 5 - 2. Suppose w*a - a = h. What are the prime factors of a?
11
Let n(m) = 7*m + 5. Let d be n(-6). Let w = -21 - d. List the prime factors of w.
2
Let s(a) = -a + 2. Let c(u) be the first derivative of -u**4/4 + 4*u**3/3 + 5*u**2/2 - 3*u + 1. Let j be c(5). List the prime factors of s(j).
5
Suppose 2*z + 14 = 2*u, -4*z - 2*u - 9 = 7. List the prime factors of ((-20)/(-3))/(z/(-15)).
2, 5
Let g(h) = -2*h + 1 - 1 + 1 + 2*h**2. What are the prime factors of g(3)?
13
Suppose s + u = -0*s, u = 2*s - 6. Suppose 2*t + s*x - 19 = 25, -19 = -t - 4*x. List the prime factors of t.
23
Suppose l + 3*t + 3 = 0, l + 4*t + 3 = -2. Suppose -5*v = -3*n - 16 - 22, -n = -l*v + 26. What are the prime factors of v?
2, 5
Let a(d) = d**2 + 6*d + 14. List the prime factors of a(-7).
3, 7
Suppose 2*j - 78 = -0*j. List the prime factors of j.
3, 13
Let g(b) = 2*b + 19. Let o(h) = h + 10. Let r(a) = 3*g(a) - 5*o(a). Let s be r(-3). Let z(l) = l**3 - 4*l**2 + 2*l. List the prime factors of z(s).
2
Let y(v) = -3*v**2 - 1 - 2 - 8*v + 10*v - v**3. What are the prime factors of y(-4)?
5
Suppose s - 3*f = -5 - 8, 4 = 4*s + 2*f. Let q(v) = -40*v - 1. What are the prime factors of q(s)?
3, 13
Suppose -s + 3 = -u - 3*u, 0 = 3*u + s + 11. List the prime factors of -2 + 13 + (u - 1).
2
Let j(q) = -7*q - 23. Let z be j(-4). Let m be ((-8)/10 - 0)*-95. Suppose -m = -z*d - 11. What are the prime factors of d?
13
Let f = 21 + -2. Suppose -13 = -2*u + 4*r + r, -3*r = -4*u + f. Suppose -5*b - u*z + 50 = z, 4*b + z - 43 = 0. What are the prime factors of b?
11
Suppose 5*d - 4*l + l = 16, 27 = 3*d + 4*l. Let o(z) = z**3 + 6*z**2 + 5*z + 4. Let n be o(-4). Suppose d*x - 24 - n = 0. List the prime factors of x.
2
Let m = -6 + 10. List the prime factors of 6/m + (-22)/(-4).
7
Let o be (2/(-3))/((-4)/(-12)). Let t be (-6)/18*(-1 + o). Let m(c) = 7*c**2 - 2*c + 1. List the prime factors of m(t).
2, 3
Suppose 0 = -r - 5*f + 12, 58 - 19 = 2*r + 5*f. What are the prime factors of 15*(r/(-15))/(-3)?
3
Suppose 0 = h + 3*h - 8. Let f be 14/(-21) - 16/(-6). Suppose h*v - 24 = -f*x - 4, -5*v = 4*x - 43. What are the prime factors of x?
7
Let n(k) = -12*k**2 + k + 1. Let a be n(2). Let u = 23 - a. List the prime factors of (u/6)/(4/6).
17
Let g(u) = u - 5. Let s be g(10). Suppose -s*q = 3*l - 91 - 66, -l = 3*q - 91. What are the prime factors of q?
29
Let c(g) = -2*g**3 + 7*g**2 - 6*g + 5. Let x be c(4). Let u = x + 3. List the prime factors of (0 - -1)/((-4)/u).
2
Let m = -88 + 123. What are the prime factors of m?
5, 7
Suppose 6 = y + 4. Let c(l) = -l + l**2 - 6*l + 4 - y*l. What are the prime factors of c(9)?
2
Let w = 143 + 121. Suppose 0 = c - 4*c + w. What are the prime factors of (-4)/14 + c/14?
2, 3
Let g(v) = v**3 - 3*v**2 + 7*v + 3. List the prime factors of g(3).
2, 3
Let l be (-3)/3 - 21/1. Let h = 0 - l. What are the prime factors of h?
2, 11
Suppose 4*j - 62 = 78. What are the prime factors of j?
5, 7
Suppose -16*c + 336 = -10*c. What are the prime factors of c?
2, 7
Let j be -2 - (-4 - -1 - 3). Suppose -j*b + 3*b = -14. What are the prime factors of b?
2, 7
Let a(y) = y**2 + 15*y - 18. List the prime factors of a(11).
2, 67
Let a be -1 + 0 - 3/(-1). Suppose a*o = 13 + 23. What are the prime factors of o?
2, 3
Let a be 38/10 - (-5)/25. Suppose -54 - 43 = -a*k + b, -5*k + 2*b = -122. What are the prime factors of k?
2, 3
Let j be -8*3/(-6)*1. What are the prime factors of 1/j*4*5?
5
Let p be 10/(-35) - (-79)/7. Let v be 1/(1*(-1)/7). Let q = p + v. List the prime factors of q.
2
Let w = -4 + 7. What are the prime factors of w?
3
Suppose 4*u - 15 = -k, -3*u = 2*u + 3*k - 24. Suppose 5*c - 2*q - u = -1, 5*c - 6 = q. Suppose -c = -4*t + 10. What are the prime factors of t?
3
Let v = -554 - -837. What are the prime factors of v?
283
Suppose -4*g + 6*g + 288 = 0. What are the prime factors of 1/5 + g/(-30)?
5
Let b(q) be the second derivative of -q**4/12 + 4*q**3/3 + 5*q**2/2 - 2*q. Suppose -4*i + 35 - 10 = h, -2*h = 4*i - 22. List the prime factors of b(i).
2, 3
Suppose 12 = 2*d + 2*f, -f + 6 = 5*d - 2*f. Let l = d - -6. List the prime factors of l.
2
Let x(v) = v + 7. Let k be x(-3). Suppose -5*y - 35 = -5*z, 4*y = -k*z + 10 + 42. List the prime factors of z.
2, 5
What are the prime factors of 2 + -3 - (-480)/10?
47
Suppose -2*n + 5*n - 12 = 0, -f - 5*n + 25 = 0. Suppose -3*a + 8*a - 250 = 0. Suppose 0*l = f*l - a. What are the prime factors of l?
2, 5
Let w(m) = m**3 - 11*m**2 + 10*m + 4. List the prime factors of w(10).
2
What are the prime factors of 1/((-20)/(-1208)) + (-2)/5?
2, 3, 5
Suppose w + o = 4, -2*o = 3*w - 0*o - 14. Suppose -4*f - w = -2. What are the prime factors of f/3 + (-60)/(-18)?
3
Let o(f) be the third derivative of -f**5/60 - 7*f**4/12 - 13*f**3/6 - 2*f**2. Let y be o(-10). Let r = y + -6. What are the prime factors of r?
3, 7
Let o be (-3 - -2) + 69/1. Suppose 4*q + 0*q = o. Suppose -4*y = -23 - q. What are the prime factors of y?
2, 5
Suppose 4*k - 84 = 56. List the prime factors of k.
5, 7
Suppose 2*w - 2*i - 2 = -0*w, -7 = w - 5*i. What are the prime factors of (41 - -1)/(w/2)?
2, 7
Let c(l) = -l**3 + l**2 + l. Let t be c(0). Suppose t = -y + 6*y - 85. What are the prime factors of y?
17
Let a be 7 + -3 - 12/2. Let x(u) = -u + 1. Let d(z) = 2*z + 6. Let n(l) = -d(l) + 4*x(l). What are the prime factors of n(a)?
2, 5
Suppose -4*d - 2 + 30 = 0. Suppose d*b - 120 = 4*b. List the prime factors of b.
2, 5
Let l = -96 + 207. What are the prime factors of l?
3, 37
Suppose 4*z - z = 3*v - 567, 3*v = 4*z + 562. List the prime factors of v.
2, 97
Suppose 0 = 6*o - 11*o + 275. What are the prime factors of o?
5, 11
Let g(f) = 74*f + 18. List the prime factors of g(3).
2, 3, 5
Let z = 6 + -3. Let d be 2/(-4)*0/z. What are the prime factors of -16*(d + (-3)/6)?
2
Let k = -13 - -8. What are the prime factors of (0 - k)/((-3)/(-6))?
2, 5
Let t be -2 - 2/((-2)/15). Suppose 0 = 4*m - 42 - 38. Let d = m - t. What are the prime factors of d?
7
Let g = 15 + 0. Suppose y = 2*y - g. What are the prime factors of y?
3, 5
Suppose 3*p - 3*h = -4*h + 299, p + 2*h - 98 = 0. List the prime factors of p.
2, 5
Let n(r) = 5*r + 18. List the prime factors of n(5).
43
Let u = 7 + -3. Suppose u*j = j + 36. List the prime factors of j.
2, 3
Let q(c) = -7*c**2 + 3 - 3 - c**3 - 9. Let b be q(-7). List the prime factors of (24/b)/(1/(-3)).
2
Suppose 5*z = 4*k + 39, 18 = -z + 4*z + 3*k. Suppose -2*j = 2*s + z - 47, 0 = -2*s + 4*j + 10. List the prime factors of s.
3, 5
Let i = -2 + 5. Suppose -g + i*g + 31 = z, 2*g = 5*z - 123. Suppose 4*d = 4*k - 0*k - 60, 0 = -k + 5*d + z. List the prime factors of k.
13
Suppose 15 = 2*n - 5. What are the prime factors of 16*n*4/32?
2, 5
What are the prime factors of (-8)/6*3*-10?
2, 5
Let s(z) = 7*z + 6. Let i be s(-4). Let l be (-2)/(-8) + i/(-8). Let n = 3 + l. What are the prime factors of n?
2, 3
Let c(k) = k**3 - k**2 + 4. What are the prime factors of c(3)?
2, 11
Let l = 30 - 62. What are the prime factors of (l/(-6))/(1/3)?
2
Let n = 13 + 51. List the prime factors of n.
2
Suppose -4*c + 26 = -q - q, -4*q - 3*c = -3. Let w(b) be the first derivative of b**3/3 + b**2/2 + 4*b + 2. List the prime factors of w(q).
2, 5
Suppose 2*x + 0*x - 20 = -4*q, 3*x = q - 5. Let i = 32 - q. What are the prime factors of i?
3
Let t(n) = 4*n + 18. Let g(x) = 11*x + 55. Let q(o) = 3*g(o) - 8*t(o). What are the prime factors of q(-15)?
2, 3
Let l(u) = -u**2 + u + 7. Let f be l(0). Suppose -h - 3 + f = 0. Suppose -j + 40 = h*j. What are the prime factors of j?
2
Suppose -5*n = 3*a - 243, 2*a - 89 - 73 = 5*n. What are the prime factors of a?
3
Suppose 5*r - 2*r